 is the greatest common factor of 30894 and 18?
6
What is the greatest common factor of 2862 and 5211?
27
What is the greatest common divisor of 7105 and 133?
7
What is the highest common factor of 2959 and 10197?
11
Calculate the highest common factor of 676 and 1756.
4
What is the highest common divisor of 384 and 55236?
12
Calculate the highest common factor of 4512 and 15672.
24
Calculate the greatest common divisor of 40 and 735230.
10
What is the highest common factor of 155 and 2755?
5
What is the highest common factor of 50952 and 193?
193
Calculate the greatest common divisor of 945076 and 55.
11
Calculate the greatest common divisor of 49352 and 2786.
398
What is the greatest common divisor of 20100 and 376540?
1340
Calculate the highest common factor of 197524 and 92.
92
Calculate the highest common divisor of 59778 and 2050.
82
What is the highest common factor of 86567 and 13?
13
Calculate the greatest common divisor of 560 and 84760.
40
Calculate the highest common factor of 54938 and 208.
26
What is the highest common factor of 48213 and 2475?
99
Calculate the highest common divisor of 1167832 and 124.
124
Calculate the highest common factor of 124 and 41230.
62
What is the greatest common divisor of 340376 and 4396?
628
What is the highest common factor of 4475 and 3425?
25
Calculate the highest common factor of 4758 and 126.
6
Calculate the greatest common factor of 730 and 98842.
146
What is the greatest common divisor of 7298 and 34522?
82
What is the highest common divisor of 73989 and 12?
3
Calculate the greatest common factor of 73229 and 17329.
559
What is the highest common factor of 954 and 1278?
18
What is the highest common divisor of 130482 and 12804?
66
Calculate the greatest common factor of 34833 and 408.
51
Calculate the greatest common divisor of 2641 and 11761.
19
What is the greatest common divisor of 482688 and 36?
36
Calculate the highest common divisor of 460 and 337180.
460
What is the greatest common divisor of 325 and 18000?
25
What is the highest common divisor of 252399 and 17?
17
Calculate the highest common divisor of 343841 and 925.
37
What is the highest common factor of 9301 and 8591?
71
Calculate the highest common divisor of 2424 and 1188.
12
What is the highest common factor of 62 and 4186829?
31
What is the greatest common divisor of 13493 and 103?
103
Calculate the highest common divisor of 64 and 147776.
64
What is the highest common divisor of 10258 and 16491?
23
What is the greatest common divisor of 17216 and 2112?
64
Calculate the highest common divisor of 2856 and 8211.
357
Calculate the greatest common factor of 4144740 and 11100.
2220
What is the highest common divisor of 8166 and 42?
6
What is the highest common factor of 9 and 212391?
9
What is the highest common factor of 1767 and 5244?
57
What is the greatest common factor of 22188 and 372?
12
Calculate the highest common divisor of 1345104 and 144.
144
What is the greatest common divisor of 136 and 17476?
68
Calculate the highest common divisor of 596 and 29502.
298
Calculate the greatest common factor of 5589 and 23.
23
What is the greatest common divisor of 10879589 and 7?
7
Calculate the highest common factor of 30 and 1233510.
30
Calculate the greatest common factor of 243 and 16055253.
243
What is the highest common divisor of 83 and 257881?
83
What is the highest common factor of 268016 and 112?
112
Calculate the greatest common factor of 212992 and 96.
32
Calculate the highest common divisor of 14516 and 304.
76
Calculate the greatest common divisor of 3024 and 5166.
126
Calculate the greatest common divisor of 137 and 19043.
137
Calculate the highest common factor of 78504 and 4.
4
What is the highest common factor of 39010 and 80?
10
Calculate the greatest common divisor of 167233 and 7843.
253
What is the greatest common factor of 241180 and 1860?
620
What is the highest common factor of 99 and 6957?
9
What is the greatest common divisor of 27 and 3224835?
9
Calculate the greatest common divisor of 690 and 21597.
69
What is the highest common divisor of 11325 and 3075?
75
What is the greatest common divisor of 9060 and 741108?
1812
Calculate the greatest common divisor of 101 and 22355542.
101
Calculate the greatest common divisor of 1277026 and 382.
382
Calculate the greatest common factor of 47499 and 6.
3
What is the greatest common factor of 757595 and 11487?
547
What is the greatest common divisor of 52092 and 576?
36
Calculate the highest common factor of 44824 and 208.
104
What is the highest common divisor of 1242 and 1490400?
1242
Calculate the highest common factor of 198 and 19096.
22
Calculate the greatest common divisor of 39390 and 650.
130
What is the highest common factor of 11940 and 1320?
60
Calculate the greatest common divisor of 287029 and 155.
31
Calculate the highest common factor of 69 and 47081.
23
Calculate the highest common factor of 62 and 40114.
62
Calculate the greatest common divisor of 174 and 908338.
58
Calculate the greatest common factor of 67937 and 205.
41
What is the greatest common factor of 2247 and 58?
1
Calculate the greatest common factor of 2304 and 336.
48
Calculate the greatest common divisor of 404612 and 26.
26
Calculate the highest common divisor of 1276 and 869.
11
Calculate the highest common factor of 936 and 29276.
52
What is the greatest common factor of 8061 and 5?
1
Calculate the highest common divisor of 229538 and 26.
2
Calculate the greatest common divisor of 1242 and 18768.
138
What is the highest common factor of 930366 and 162?
162
Calculate the highest common factor of 48075 and 30.
15
Calculate the highest common factor of 27099 and 9.
9
Calculate the highest common divisor of 125 and 95400.
25
What is the highest common divisor of 2982 and 630?
42
Calculate the greatest common divisor of 160 and 13312.
32
Calculate the greatest common divisor of 372 and 5760544.
124
What is the greatest common factor of 59 and 209863?
59
What is the highest common factor of 55 and 154610?
5
Calculate the greatest common divisor of 104 and 12805.
13
What is the highest common factor of 81 and 1475667?
9
Calculate the greatest common factor of 164672 and 744.
248
Calculate the highest common factor of 245 and 581.
7
Calculate the greatest common factor of 1428083 and 158.
79
What is the highest common divisor of 2775 and 2849?
37
Calculate the highest common factor of 26673 and 748.
17
Calculate the greatest common divisor of 446 and 435742.
446
Calculate the greatest common factor of 160189 and 76.
19
Calculate the greatest common divisor of 529 and 8119.
23
What is the highest common factor of 710 and 852355?
355
Calculate the highest common factor of 110566 and 472.
118
Calculate the highest common factor of 1513 and 113831.
89
What is the greatest common factor of 285792 and 273?
39
Calculate the greatest common factor of 8338011 and 33.
33
Calculate the highest common factor of 16986 and 114.
114
What is the highest common factor of 8024 and 2516?
68
What is the greatest common divisor of 5627 and 1003?
17
Calculate the highest common factor of 514 and 1287827.
257
Calculate the highest common factor of 445184 and 448.
64
Calculate the highest common factor of 3831 and 1308.
3
What is the highest common factor of 38 and 962?
2
Calculate the greatest common divisor of 154110 and 1320.
330
Calculate the highest common factor of 119711 and 59.
59
Calculate the highest common factor of 38311 and 39.
13
What is the highest common divisor of 58 and 37613?
29
What is the highest common factor of 3397632 and 1422?
474
What is the highest common divisor of 31641 and 1219?
53
What is the greatest common factor of 299 and 314249?
299
Calculate the greatest common factor of 18 and 129996.
18
What is the highest common factor of 402 and 33701?
67
What is the highest common divisor of 646659 and 117?
117
Calculate the greatest common factor of 440792 and 176.
88
What is the greatest common factor of 149577 and 657?
219
What is the highest common factor of 2068 and 48554?
22
What is the highest common divisor of 1012 and 3212?
44
What is the highest common divisor of 110 and 15760?
10
What is the highest common factor of 66 and 285758?
22
What is the greatest common divisor of 